{"id":147,"date":"2019-06-16T21:01:38","date_gmt":"2019-06-16T19:01:38","guid":{"rendered":"http:\/\/nordergo.fr\/v2\/?page_id=147"},"modified":"2023-05-03T13:29:51","modified_gmt":"2023-05-03T11:29:51","slug":"tarifs-et-financements","status":"publish","type":"page","link":"https:\/\/nordergo-marquettelezlille.fr\/index.php\/tarifs-et-financements\/","title":{"rendered":"Tarifs et Financements"},"content":{"rendered":"\n<p>La profession est non conventionn\u00e9e, sans nomenclature de la s\u00e9curit\u00e9 sociale. Les soins ne sont donc pas automatiquement rembours\u00e9s aux patients.Pour faire l\u2019objet d\u2019un remboursement , vous devez transmettre un dossier avec devis et facture fournis par votre ergoth\u00e9rapeute et prescription m\u00e9dicale \u00e9tablie par votre m\u00e9decin \u00e0: <br>-Votre caisse d\u2019assurance maladie en fonction de vos revenus et du handicap (<a href=\"http:\/\/www.ameli.fr\/assures\/droits-et-demarches\/par-situation-personnelle\/vous-avez-des-difficultes\/les-aides-financieres-individuelles_lille-douai.php\">Demande de prestations extra-l\u00e9gales<\/a>&nbsp;ou&nbsp;<a href=\"http:\/\/www.ameli.fr\/assures\/votre-caisse-lille-douai\/vous-informer\/vous-avez-des-difficultes-pour-acceder-aux-soins_lille-douai.php\">d&rsquo;action sociale<\/a>)-Votre mutuelle-Vos compagnies d\u2019assurance priv\u00e9e, retraite, comit\u00e9 d\u2019entreprise-Votre MDPH (pour obtenir une allocation ou une prestation compensatoire de handicap AEEH, PCH ou ADPA)&nbsp;<br>Les&nbsp;<strong>compte-rendus<\/strong>&nbsp;(hors r\u00e9daction de bilan et courrier pour les ESS) sont&nbsp;<strong>factur\u00e9s au tarif horaire<\/strong>. Les&nbsp;<strong>d\u00e9placements aux r\u00e9unions<\/strong>&nbsp;(PAP, ESS, r\u00e9union de synth\u00e8se)<strong> sont factur\u00e9s sur la base d&rsquo;une s\u00e9ance ext\u00e9rieure .<\/strong><\/p>\n\n\n\n<p class=\"has-text-align-center has-very-dark-gray-color has-text-color has-background has-medium-font-size\" style=\"background-color:#fed972\"><a href=\"https:\/\/nordergo-marquettelezlille.fr\/wp-content\/uploads\/2023\/05\/TARIFS-NORDERGO-2023.pdf\">Consulter en ligne les tarifs des prestations<\/a><\/p>\n\n\n\n<figure class=\"wp-block-gallery has-nested-images columns-default is-cropped wp-block-gallery-1 is-layout-flex wp-block-gallery-is-layout-flex\"><\/figure>\n","protected":false},"excerpt":{"rendered":"<p>La profession est non conventionn\u00e9e, sans nomenclature de la s\u00e9curit\u00e9 sociale. Les soins ne sont donc pas automatiquement rembours\u00e9s aux patients.Pour faire l\u2019objet d\u2019un remboursement , vous devez transmettre un dossier avec devis et facture fournis par votre ergoth\u00e9rapeute et prescription m\u00e9dicale \u00e9tablie par votre m\u00e9decin \u00e0: -Votre caisse d\u2019assurance maladie en fonction de vos [&hellip;]<\/p>\n","protected":false},"author":1,"featured_media":0,"parent":0,"menu_order":0,"comment_status":"closed","ping_status":"closed","template":"","meta":{"footnotes":""},"class_list":["post-147","page","type-page","status-publish","hentry"],"_links":{"self":[{"href":"https:\/\/nordergo-marquettelezlille.fr\/index.php\/wp-json\/wp\/v2\/pages\/147","targetHints":{"allow":["GET"]}}],"collection":[{"href":"https:\/\/nordergo-marquettelezlille.fr\/index.php\/wp-json\/wp\/v2\/pages"}],"about":[{"href":"https:\/\/nordergo-marquettelezlille.fr\/index.php\/wp-json\/wp\/v2\/types\/page"}],"author":[{"embeddable":true,"href":"https:\/\/nordergo-marquettelezlille.fr\/index.php\/wp-json\/wp\/v2\/users\/1"}],"replies":[{"embeddable":true,"href":"https:\/\/nordergo-marquettelezlille.fr\/index.php\/wp-json\/wp\/v2\/comments?post=147"}],"version-history":[{"count":13,"href":"https:\/\/nordergo-marquettelezlille.fr\/index.php\/wp-json\/wp\/v2\/pages\/147\/revisions"}],"predecessor-version":[{"id":2611,"href":"https:\/\/nordergo-marquettelezlille.fr\/index.php\/wp-json\/wp\/v2\/pages\/147\/revisions\/2611"}],"wp:attachment":[{"href":"https:\/\/nordergo-marquettelezlille.fr\/index.php\/wp-json\/wp\/v2\/media?parent=147"}],"curies":[{"name":"wp","href":"https:\/\/api.w.org\/{rel}","templated":true}]}}